tiple of 70?
False
Does 4 divide 360?
True
Is 30 a factor of 9270?
True
Is 3 a factor of 1037?
False
Is 11 a factor of 30833?
True
Is 8 a factor of 3523?
False
Is 2587 a multiple of 8?
False
Is 22506 a multiple of 17?
False
Is 99 a factor of 5346?
True
Is 15 a factor of 783?
False
Is 8 a factor of 76?
False
Is 2 a factor of 7338?
True
Does 5 divide 225?
True
Is 25832 a multiple of 114?
False
Does 5 divide 448?
False
Is 7 a factor of 19334?
True
Is 1031 a multiple of 94?
False
Is 10 a factor of 15300?
True
Does 8 divide 52928?
True
Is 53 a factor of 1378?
True
Is 2205 a multiple of 49?
True
Does 64 divide 128?
True
Does 54 divide 1458?
True
Is 9 a factor of 396?
True
Is 25 a factor of 250?
True
Is 2217 a multiple of 116?
False
Is 1798 a multiple of 29?
True
Is 19 a factor of 1710?
True
Is 73 a factor of 10147?
True
Is 9926 a multiple of 8?
False
Does 31 divide 1730?
False
Is 43 a factor of 3719?
False
Is 17544 a multiple of 204?
True
Is 188 a multiple of 6?
False
Is 36 a factor of 7992?
True
Does 26 divide 2227?
False
Does 9 divide 13?
False
Does 7 divide 1162?
True
Is 3288 a multiple of 56?
False
Does 53 divide 1120?
False
Is 22 a factor of 3586?
True
Is 27 a factor of 60927?
False
Is 40 a factor of 387?
False
Is 4754 a multiple of 65?
False
Is 3075 a multiple of 25?
True
Is 4 a factor of 58?
False
Is 23500 a multiple of 50?
True
Is 235 a multiple of 17?
False
Is 12 a factor of 600?
True
Is 9 a factor of 22068?
True
Is 7 a factor of 17816?
False
Is 54290 a multiple of 20?
False
Is 40 a factor of 31720?
True
Does 2 divide 155?
False
Is 125678 a multiple of 14?
True
Is 202 a factor of 18226?
False
Is 10 a factor of 946?
False
Is 1045 a multiple of 10?
False
Does 206 divide 47586?
True
Is 70 a factor of 80920?
True
Does 20 divide 15160?
True
Is 5 a factor of 100?
True
Is 25130 a multiple of 177?
False
Is 47 a factor of 4428?
False
Does 134 divide 39262?
True
Is 14112 a multiple of 51?
False
Is 15 a factor of 66234?
False
Is 8 a factor of 16?
True
Is 738 a multiple of 15?
False
Is 9425 a multiple of 25?
True
Does 31 divide 5003?
False
Does 86 divide 518?
False
Does 131 divide 5019?
False
Does 14 divide 3287?
False
Is 113 even?
False
Does 70 divide 3290?
True
Is 115 a factor of 6469?
False
Does 14 divide 2771?
False
Is 913 a multiple of 17?
False
Does 11 divide 638?
True
Is 81 a factor of 891?
True
Is 74 a factor of 362?
False
Is 686 a multiple of 49?
True
Does 30 divide 1046?
False
Is 21449 a multiple of 89?
True
Is 376 a multiple of 47?
True
Does 42 divide 630?
True
Is 2793 a multiple of 21?
True
Is 1903 a multiple of 8?
False
Does 73 divide 49859?
True
Does 61 divide 4270?
True
Is 22311 a multiple of 49?
False
Is 9 a factor of 164?
False
Is 29 a factor of 3683?
True
Does 3 divide 8740?
False
Is 11885 a multiple of 7?
False
Is 71 a factor of 5538?
True
Is 4620 a multiple of 15?
True
Is 26 a factor of 19098?
False
Is 29 a factor of 609?
True
Is 61396 a multiple of 12?
False
Is 8418 a multiple of 5?
False
Does 23 divide 1420?
False
Does 29 divide 48082?
True
Is 538 a multiple of 45?
False
Is 130 a multiple of 11?
False
Is 932 a multiple of 63?
False
Is 25445 a multiple of 35?
True
Is 10 a factor of 57290?
True
Is 4998 a multiple of 51?
True
Does 49 divide 12740?
True
Is 89 a factor of 2581?
True
Is 2 a factor of 415?
False
Is 146 a multiple of 73?
True
Is 23 a factor of 529?
True
Does 8 divide 56?
True
Is 9448 a multiple of 18?
False
Is 106 a factor of 25864?
True
Is 161 a multiple of 10?
False
Does 112 divide 30800?
True
Is 5 a factor of 185?
True
Is 44 a factor of 2374?
False
Is 3630 a multiple of 15?
True
Is 38918 a multiple of 58?
True
Is 1138 a multiple of 45?
False
Does 53 divide 2544?
True
Is 432 a multiple of 72?
True
Is 27265 a multiple of 157?
False
Does 13 divide 7754?
False
Is 19 a factor of 1014?
False
Is 38 a factor of 1368?
True
Is 132 a factor of 5280?
True
Is 11 a factor of 352?
True
Does 419 divide 97627?
True
Is 4 a factor of 367?
False
Is 8430 a multiple of 30?
True
Is 390 a factor of 22111?
False
Does 12 divide 291?
False
Is 19 a factor of 10146?
True
Is 7441 a multiple of 90?
False
Does 31 divide 31120?
False
Is 1205 a multiple of 70?
False
Is 14 a factor of 5824?
True
Is 19 a factor of 8416?
False
Is 13 a factor of 12317?
False
Is 3515 a multiple of 75?
False
Is 9 a factor of 1125?
True
Does 39 divide 897?
True
Does 18 divide 334?
False
Does 4 divide 2233?
False
Is 10 a factor of 5020?
True
Is 7 a factor of 23036?
False
Is 2673 a multiple of 27?
True
Is 58744 a multiple of 46?
False
Is 10 a factor of 137?
False
Is 1993 a multiple of 22?
False
Is 1020 a multiple of 10?
True
Is 9 a factor of 2925?
True
Is 165 a multiple of 14?
False
Is 93 a multiple of 31?
True
Is 9 a factor of 64?
False
Is 1584 a multiple of 66?
True
Is 20 a factor of 1040?
True
Does 21 divide 998?
False
Is 37835 a multiple of 49?
False
Is 6 a factor of 83?
False
Is 85 a factor of 2295?
True
Does 43 divide 2285?
False
Is 7276 a multiple of 34?
True
Is 4020 a multiple of 12?
True
Does 16 divide 752?
True
Is 73 a factor of 876?
True
Is 6 a factor of 30689?
False
Is 13 a factor of 195?
True
Does 10 divide 316?
False
Does 36 divide 576?
True
Does 13 divide 1963?
True
Is 4646 a multiple of 6?
False
Is 15889 a multiple of 26?
False
Is 2888 a multiple of 19?
True
Is 6312 a multiple of 8?
True
Is 14 a factor of 1405?
False
Is 9 a factor of 11906?
False
Does 35 divide 3020?
False
Is 11 a factor of 3828?
True
Does 3 divide 414?
True
Is 30 a factor of 4056?
False
Is 109 a multiple of 21?
False
Does 10 divide 3818?
False
Does 36 divide 2556?
True
Does 58 divide 431?
False
Is 282 a multiple of 56?
False
Is 1472 a multiple of 35?
False
Is 35 a factor of 584?
False
Is 3 a factor of 1002?
True
Is 110 a factor of 6270?
True
Is 6 a factor of 408?
True
Is 97 a factor of 1641?
False
Does 17 divide 7939?
True
Does 17 divide 204?
True
Does 16 divide 3216?
True
Does 49 divide 20580?
True
Does 8 divide 858?
False
Is 4412 a multiple of 78?
False
Is 12352 a multiple of 62?
False
Is 2000 a multiple of 24?
False
Is 1664 a multiple of 26?
True
Is 230 a multiple of 18?
False
Is 417 a multiple of 10?
False
Is 9 a factor of 29052?
True
Is 7544 a multiple of 23?
True
Does 3 divide 270?
True
Does 6 divide 453?
False
Is 756 a multiple of 14?
True
Is 45815 a multiple of 12?
False
Is 67 a factor of 1742?
True
Is 13 a factor of 351?
True
Does 35 divide 2520?
True
Is 2590 a multiple of 43?
False
Is 108654 a multiple of 398?
True
Is 20100 a multiple of 78?
False
Is 182 a multiple of 13?
True
Is 78 a factor of 2262?
True
Is 2940 a multiple of 6?
True
Is 25028 a multiple of 155?
False
Is 28 a factor of 724?
False
Is 9 a factor of 621?
True
Does 16 divide 176?
True
Is 5349 a multiple of 80?
False
Is 14 a factor of 1092?
True
Is 5732 a multiple of 5?
False
Is 24084 a multiple of 54?
True
Is 29 a factor of 10005?
True
Does 35 divide 16765?
True
Is 292 a multiple of 16?
False
Is 10974 a multiple of 213?
False
Does 13 divide 7611?
False
Is 5640 a multiple of 40?
True
Is 950 a multiple of 25?
True
Is 4 a factor of 552?
True
Is 17 a factor of 425?
True
Is 11 a factor of 3990?
False
Does 15 divide 2696?
False
Is 6526 a multiple of 26?
True
Is 13 a factor of 37795?
False
Is 26 a factor of 184?
False
Does 25 divide 22918?
False
Is 12 a factor of 1224?
True
Does 56 divide 6664?
True
Is 736 a multiple of 5?
False
Does 15 divide 492?
False
Is 16919 a multiple of 47?
False
Does 2 divide 41?
False
Is 10 a factor of 449?
False
Does 14 divide 11144?
True
Is 6 a factor of 388?
False
Is 906 a multiple of 11?
False
Is 894 a multiple of 74?
False
Does 9 divide 446?
False
Does 294 divide 47798?
False
Is 780 a multiple of 6?
True
Is 77 a multiple of 2?
False
Does 27 divide 54?
True
Is 42 a factor of 4861?
False
Does 88 divide 4488?
True
Is 20691 a multiple of 9?
True
Is 4891 a multiple of 73?
True
Is 32 a factor of 622?
False
Is 96 a multiple of 13?
False
Is 2420 a multiple of 22?
True
Does 77 divide 2956?
False
Does 7 divide 2361?
False
Is 74529 a multiple of 319?
False
Does 18 divide 10134?
True
Is 9 a factor of 5031?
True
Is 1234 a multiple of 66?
False
Is 78 a factor of 4113?
False
Does 69 divide 16825?
False
Does 12 divide 1836?
True
Does 46 divide 216?
False
Is 12 a factor of 4808?
False
Is 8191 a multiple of 225